 = -2*j + 2*p, 5*j + 2*p - 36 - 4 = 0. What is the greatest common factor of 64 and j?
8
Let f be (-14 + 16)/((-2)/(-17)). Let o = -18 + 52. Calculate the highest common divisor of f and o.
17
Let f(k) = -k + 1. Let i be f(1). Let c = i - -3. Let v be 1*c/3*10. What is the highest common factor of 10 and v?
10
Let r(m) = m**3 + 5*m**2 - m + 4. Let g be r(-5). Let q = 159 + -105. Calculate the greatest common factor of g and q.
9
Let x be 10 - (0 - -3 - (2 - -1)). What is the highest common divisor of 130 and x?
10
Let i(z) = -z**3 + 7*z**2 - 4*z. Suppose -4*n + 6 + 6 = 0. Let p be i(n). What is the highest common divisor of p and 36?
12
Suppose 4*n - 8 - 15 = 3*h, 0 = 5*n + 2*h - 46. Calculate the highest common divisor of 8 and n.
8
Suppose 3*k + 27 - 183 = 0. Suppose -b + 0*b = -4*i - 17, 5*b - i = 66. Calculate the greatest common factor of b and k.
13
Suppose -2*v = 2*d - v - 5, 5 = -2*d - 3*v. Suppose -3*f + 14 = -5*f + 4*s, 4*f = -d*s - 54. Let k = f - -26. Calculate the highest common divisor of k and 45.
15
Suppose 4*s - 8 = -5*h + 14, -46 = -5*s + 3*h. Suppose -4*g + 77 = -211. What is the greatest common divisor of g and s?
8
Suppose 4*p - 3*i = 65 + 311, 396 = 4*p + 2*i. Let q = -52 + p. Suppose 5*x + 5*k = q, 0 = x - 5*k + 8*k - 15. Calculate the highest common factor of 3 and x.
3
Let r(m) = m**2 - 24*m + 40. Let l be r(24). What is the greatest common divisor of l and 32?
8
Suppose 0*b - 5*b + 22 = -4*n, -2*n = -5*b + 6. Let c be 2/n*(-40)/5. Calculate the highest common divisor of c and 18.
2
Suppose 3*m - 86 = 2*b, -5*m + 132 + 20 = b. Let f = -173 - -218. What is the highest common divisor of f and m?
15
Suppose 0 = -2*y + 7*y - 50. Let q be -1 + (2 + 0 - 1). Let s = y + q. What is the greatest common factor of s and 10?
10
Let w = 2 + -2. Let t be 9*(w + -4)*-1. Let r = 5 - -1. Calculate the highest common divisor of t and r.
6
Suppose 2*q - 86 - 222 = -3*r, -5*r = 2*q - 308. Let p = -17 + 39. What is the highest common divisor of q and p?
22
Let c = 82 - 137. Let o = c - -4. Let f be (o/(-9) - 2)*9. Calculate the highest common factor of f and 3.
3
Let h be 20/12*3*1. Suppose -z = h*n - 6 - 17, z - 8 = -2*n. What is the highest common divisor of n and 35?
5
Suppose 5*p = 97 - 7. Suppose p - 6 = 4*b. What is the highest common factor of b and 1?
1
Suppose 0 = -6*s + 3*s + 1107. Calculate the highest common divisor of s and 41.
41
Let l(r) = -r. Let b(x) = -1. Let u(k) = -6*b(k) + l(k). Let a be u(-8). What is the greatest common divisor of 70 and a?
14
Let f(w) = 2*w + 10. Let d be f(-2). Let h be (1/(-1) + 0)*-3. What is the highest common divisor of h and d?
3
Let b(v) = -6*v + 5. Let z(f) = 3*f - 3. Let u(a) = 2*b(a) + 5*z(a). Let m be u(4). Let l = 63 - 7. What is the greatest common factor of l and m?
7
Suppose -13 = -2*q + q. Let x be 0 + 75 + 2 + -1. Let s = -24 + x. What is the greatest common factor of q and s?
13
Let o(b) = -b**3 + 9*b**2 + 3*b. Let l be o(6). Suppose 36 = 3*i - 3*n, -6*i + 2*i = 4*n - 64. What is the highest common factor of i and l?
14
Suppose 0 = 6*y - 253 - 131. Calculate the greatest common factor of y and 8.
8
Let u(c) = -c + 15. Let m be u(0). Suppose -4*h - 245 = -3*j, 0 = 2*j - j + 2*h - 65. Calculate the greatest common factor of j and m.
15
Let p be (-2)/(-3) - (-38)/6. Suppose 56 = 12*m - 11*m. Calculate the greatest common divisor of m and p.
7
Suppose 4*v + 2 = -6. Let o = 4 + v. Suppose 4*u - 2*k = 2*k, -o*u - 3*k = -20. Calculate the greatest common divisor of 28 and u.
4
Let l = 179 + -84. Let y = 56 - 18. Calculate the highest common factor of y and l.
19
Let i(j) = j**2 - j. Let x(f) = -6*f**2 + 5*f - 2. Let s(g) = -5*i(g) - x(g). Let b be s(0). Let m be 27/6*b/1. Calculate the highest common divisor of 3 and m.
3
Suppose 0*k = -2*k - 4. Let w be 14 + (-1 - (k - -1)). Calculate the highest common divisor of w and 21.
7
Let r(t) = -t**3 + 3*t**2 + 3*t - 1. Let x be r(4). Let v be 130/2*(-2)/x. What is the greatest common factor of 13 and v?
13
Let a be 1/(2/6) - -55. Suppose -3*c + 2*s + 0*s + a = 0, -4*c = -2*s - 74. Calculate the greatest common divisor of c and 112.
16
Let n = 8 + -5. Let r = 5 - n. Suppose -g - 8 = -r*g. Calculate the greatest common factor of g and 1.
1
Let m be -28*3/(2 + -8). What is the greatest common divisor of m and 70?
14
Suppose 0 = -y + 17 + 13. Let t(u) = -4*u. Suppose -4*q + 3*q + 4 = -2*m, -4*q = -2*m + 2. Let s be t(m). What is the greatest common divisor of y and s?
6
Let h = 2 + 29. Suppose 2*f - 4*r = -r + h, -f = r - 3. Calculate the highest common factor of f and 40.
8
Let b be (-7)/(-4)*(-80)/4. Let h = -20 - b. Let f = -4 + 14. What is the highest common divisor of f and h?
5
Suppose -y + 13 + 23 = 0. Calculate the greatest common divisor of y and 9.
9
Let p(v) = 2*v + 0*v**3 + 4*v**2 + 3*v**2 - 5 + v**3 - 2*v**3. Let g be p(5). Calculate the highest common factor of 22 and g.
11
Let y(o) = -5 - 2 + 6 + o + 6. Let l be y(5). What is the greatest common factor of l and 40?
10
Let d be 3/(-2)*4/(-3)*4. Calculate the greatest common factor of 56 and d.
8
Suppose 57 = 5*l - 123. Suppose -8 + 20 = 2*w. Suppose -i = -w - 18. Calculate the greatest common factor of l and i.
12
Let h be -6*(-2 + (-11)/(-3)). Let c = 42 + h. Let b be (-5 + 1)*(-1 + 0). Calculate the greatest common divisor of b and c.
4
Suppose 5*q + 18 - 133 = -4*b, q = 3*b - 91. Let j = 16 - 4. Calculate the highest common divisor of j and b.
6
Suppose -7*y + 450 = -2*y. What is the greatest common divisor of 30 and y?
30
Suppose 20 = 3*b - 40. What is the greatest common factor of b and 4?
4
Let v = -22 - -30. What is the greatest common factor of 128 and v?
8
Let w(s) = -3*s - 10. Let l = -5 + -2. Let n be w(l). Calculate the greatest common divisor of 77 and n.
11
Suppose -5*r - 4*g + 197 = -g, 75 = 2*r + 5*g. What is the highest common factor of 40 and r?
40
Suppose -5*h = 2*k - 116, 4*k - 2*h - 256 = -6*h. Let n be 2/3 - k/(-6). What is the greatest common divisor of 18 and n?
6
Suppose -3*v + 612 = -5*k, -2*v + 0*k = -3*k - 407. Let x = -122 + v. Let b(c) = 7*c**3 - c + 1. Let m be b(1). What is the greatest common divisor of x and m?
7
Suppose 5*z - 5*d = 300, 5*z + 4*d = 6*z - 45. Let q be 4*(-3 - 231/(-12)). Suppose -q = -3*r + 13. Calculate the highest common divisor of r and z.
13
Suppose -6 = -36*v + 34*v. What is the greatest common factor of v and 81?
3
Let a = 12 - 7. Suppose 0 = j - 4*q - 8, a*q + 25 = 2*j - 0*j. What is the highest common factor of 160 and j?
20
Suppose 3*l = -5*t + 13, -2*l + 1 = 2*t - 5. Suppose t*o - 16 = -2*o. Let z be (0 + 44)/(1 - 0). Calculate the highest common factor of z and o.
4
Let q = 11 - -1. Let b = q - 4. Suppose -o - b = -4*x + 6, 3*x = 3*o - 3. Calculate the highest common divisor of o and 3.
3
Suppose 4*j - 13 + 1 = 0. Calculate the greatest common factor of j and 6.
3
Suppose 2925 = 340*c - 335*c. What is the greatest common factor of c and 65?
65
Suppose -32*g = -27*g - 80. Calculate the highest common factor of 4 and g.
4
Let c(n) = -n**2 - 5*n. Let l be (6/5)/((-33)/110). Let z be c(l). Suppose -29 - 3 = -2*j. What is the highest common factor of z and j?
4
Suppose 3*t + 0*t - 276 = 0. Calculate the greatest common factor of t and 23.
23
Let s be 94/18 + 4/(-18). Suppose 140 = s*p - 0*p. Suppose -5*g + 38 = 4*f, -3*g + p = -3*f + 8*f. Calculate the greatest common factor of 54 and g.
6
Let d = 11 - -21. Suppose 13*t - 12*t - 48 = 0. Calculate the greatest common factor of t and d.
16
Let h = 4 + 0. Suppose -g + 68 - h = 0. Suppose -2*d - 24 = -5*d. Calculate the greatest common factor of d and g.
8
Let f(o) = -2*o + 7. Let a be f(-5). Calculate the highest common factor of a and 136.
17
Let j be (1/1 + -2)*-143. Let u = 92 - 79. Calculate the greatest common divisor of j and u.
13
Let o = 20 - 12. Let i(s) be the second derivative of 6*s**5/5 - s**4/12 + s**3/6 + s. Let d be i(1). Calculate the greatest common factor of d and o.
8
Let r be (24/(-18))/(2/(-15)). Let y(n) = -9*n + r + 0*n**3 + n**3 - 1 + 10*n**2 - 2*n**3. Let h be y(6). Calculate the greatest common divisor of h and 9.
9
Suppose 3*f = -3*n + 39, 7 = f - n - 0*n. Suppose 20 = 4*c - 5*l, -2*l = -5*c + 15 + f. What is the greatest common factor of 1 and c?
1